{"id":323,"date":"2022-08-02T16:16:16","date_gmt":"2022-08-02T15:16:16","guid":{"rendered":"https:\/\/ipharmagare92.fr\/pharma\/?page_id=323"},"modified":"2022-08-03T09:02:10","modified_gmt":"2022-08-03T08:02:10","slug":"fin-de-location","status":"publish","type":"page","link":"https:\/\/ipharmagare92.fr\/pharma\/fin-de-location\/","title":{"rendered":"Fin de location"},"content":{"rendered":"\n<p class=\"has-cyan-bluish-gray-background-color has-background has-medium-font-size\">Voici les \u00e9tapes lors de la cl\u00f4ture de location de mat\u00e9riel m\u00e9dical : <\/p>\n\n\n\n<p class=\"has-medium-font-size\">1 - Sur la fiche patient noter pr\u00e9cis\u00e9ment la date de retour du mat\u00e9riel m\u00e9dical.<\/p>\n\n\n\n<p class=\"has-medium-font-size\"><mark style=\"background-color:rgba(0, 0, 0, 0)\" class=\"has-inline-color has-vivid-cyan-blue-color\">2 - T\u00e9l\u00e9phoner \u00e0 la soci\u00e9t\u00e9 de location (ex: <\/mark><strong><a href=\"https:\/\/ipharmagare92.fr\/pharma\/depannage-numeros-durgence\/\" target=\"_blank\" rel=\"noreferrer noopener\"><mark style=\"background-color:rgba(0, 0, 0, 0)\" class=\"has-inline-color has-luminous-vivid-orange-color\">ABM<\/mark><\/a><\/strong><mark style=\"background-color:rgba(0, 0, 0, 0)\" class=\"has-inline-color has-vivid-cyan-blue-color\">) afin qu'elle puisse nous envoyer par mail le bon de retour \u00e0 joindre au mat\u00e9riel restitu\u00e9.<\/mark><\/p>\n\n\n\n<p class=\"has-medium-font-size\">3 - Ce bon de retour ainsi que le mat\u00e9riel m\u00e9dical seront \u00e0 mettre dans une caisse OCP pour le retour.<\/p>\n\n\n\n<p class=\"has-medium-font-size\"><mark style=\"background-color:rgba(0, 0, 0, 0)\" class=\"has-inline-color has-vivid-cyan-blue-color\">4 - Enfin ranger la fiche patient dans le classeur \u00e0 l'onglet \"Dossier termin\u00e9\"<\/mark><\/p>\n","protected":false},"excerpt":{"rendered":"<p>Voici les \u00e9tapes lors de la cl\u00f4ture de location de mat\u00e9riel m\u00e9dical : 1 &#8211; Sur la fiche patient noter pr\u00e9cis\u00e9ment la date de retour du mat\u00e9riel m\u00e9dical. 2 &#8211; T\u00e9l\u00e9phoner \u00e0 la soci\u00e9t\u00e9 de location (ex: ABM) afin qu&rsquo;elle&hellip; <\/p>\n","protected":false},"author":1,"featured_media":0,"parent":0,"menu_order":0,"comment_status":"closed","ping_status":"closed","template":"","meta":{"footnotes":""},"class_list":["post-323","page","type-page","status-publish","hentry"],"yoast_head":"<!-- This site is optimized with the Yoast SEO plugin v18.8 - https:\/\/yoast.com\/wordpress\/plugins\/seo\/ -->\n<title>Fin de location - Pharmacie Gare de Rueil<\/title>\n<meta name=\"robots\" content=\"index, follow, max-snippet:-1, max-image-preview:large, max-video-preview:-1\" \/>\n<link rel=\"canonical\" href=\"https:\/\/ipharmagare92.fr\/pharma\/fin-de-location\/\" \/>\n<meta property=\"og:locale\" content=\"fr_FR\" \/>\n<meta property=\"og:type\" content=\"article\" \/>\n<meta property=\"og:title\" content=\"Fin de location - Pharmacie Gare de Rueil\" \/>\n<meta property=\"og:description\" content=\"Voici les \u00e9tapes lors de la cl\u00f4ture de location de mat\u00e9riel m\u00e9dical : 1 - Sur la fiche patient noter pr\u00e9cis\u00e9ment la date de retour du mat\u00e9riel m\u00e9dical. 2 - T\u00e9l\u00e9phoner \u00e0 la soci\u00e9t\u00e9 de location (ex: ABM) afin qu&#039;elle&hellip;\" \/>\n<meta property=\"og:url\" content=\"https:\/\/ipharmagare92.fr\/pharma\/fin-de-location\/\" \/>\n<meta property=\"og:site_name\" content=\"Pharmacie Gare de Rueil\" \/>\n<meta property=\"article:modified_time\" content=\"2022-08-03T08:02:10+00:00\" \/>\n<meta name=\"twitter:label1\" content=\"Dur\u00e9e de lecture estim\u00e9e\" \/>\n\t<meta name=\"twitter:data1\" content=\"1 minute\" \/>\n<script type=\"application\/ld+json\" class=\"yoast-schema-graph\">{\"@context\":\"https:\/\/schema.org\",\"@graph\":[{\"@type\":\"WebSite\",\"@id\":\"https:\/\/ipharmagare92.fr\/pharma\/#website\",\"url\":\"https:\/\/ipharmagare92.fr\/pharma\/\",\"name\":\"Pharmacie Gare de Rueil\",\"description\":\"L&#039;intranet de ma pharmacie\",\"potentialAction\":[{\"@type\":\"SearchAction\",\"target\":{\"@type\":\"EntryPoint\",\"urlTemplate\":\"https:\/\/ipharmagare92.fr\/pharma\/?s={search_term_string}\"},\"query-input\":\"required name=search_term_string\"}],\"inLanguage\":\"fr-FR\"},{\"@type\":\"WebPage\",\"@id\":\"https:\/\/ipharmagare92.fr\/pharma\/fin-de-location\/#webpage\",\"url\":\"https:\/\/ipharmagare92.fr\/pharma\/fin-de-location\/\",\"name\":\"Fin de location - Pharmacie Gare de Rueil\",\"isPartOf\":{\"@id\":\"https:\/\/ipharmagare92.fr\/pharma\/#website\"},\"datePublished\":\"2022-08-02T15:16:16+00:00\",\"dateModified\":\"2022-08-03T08:02:10+00:00\",\"breadcrumb\":{\"@id\":\"https:\/\/ipharmagare92.fr\/pharma\/fin-de-location\/#breadcrumb\"},\"inLanguage\":\"fr-FR\",\"potentialAction\":[{\"@type\":\"ReadAction\",\"target\":[\"https:\/\/ipharmagare92.fr\/pharma\/fin-de-location\/\"]}]},{\"@type\":\"BreadcrumbList\",\"@id\":\"https:\/\/ipharmagare92.fr\/pharma\/fin-de-location\/#breadcrumb\",\"itemListElement\":[{\"@type\":\"ListItem\",\"position\":1,\"name\":\"Accueil\",\"item\":\"https:\/\/ipharmagare92.fr\/pharma\/\"},{\"@type\":\"ListItem\",\"position\":2,\"name\":\"Fin de location\"}]}]}<\/script>\n<!-- \/ Yoast SEO plugin. -->","yoast_head_json":{"title":"Fin de location - Pharmacie Gare de Rueil","robots":{"index":"index","follow":"follow","max-snippet":"max-snippet:-1","max-image-preview":"max-image-preview:large","max-video-preview":"max-video-preview:-1"},"canonical":"https:\/\/ipharmagare92.fr\/pharma\/fin-de-location\/","og_locale":"fr_FR","og_type":"article","og_title":"Fin de location - Pharmacie Gare de Rueil","og_description":"Voici les \u00e9tapes lors de la cl\u00f4ture de location de mat\u00e9riel m\u00e9dical : 1 - Sur la fiche patient noter pr\u00e9cis\u00e9ment la date de retour du mat\u00e9riel m\u00e9dical. 2 - T\u00e9l\u00e9phoner \u00e0 la soci\u00e9t\u00e9 de location (ex: ABM) afin qu'elle&hellip;","og_url":"https:\/\/ipharmagare92.fr\/pharma\/fin-de-location\/","og_site_name":"Pharmacie Gare de Rueil","article_modified_time":"2022-08-03T08:02:10+00:00","twitter_misc":{"Dur\u00e9e de lecture estim\u00e9e":"1 minute"},"schema":{"@context":"https:\/\/schema.org","@graph":[{"@type":"WebSite","@id":"https:\/\/ipharmagare92.fr\/pharma\/#website","url":"https:\/\/ipharmagare92.fr\/pharma\/","name":"Pharmacie Gare de Rueil","description":"L&#039;intranet de ma pharmacie","potentialAction":[{"@type":"SearchAction","target":{"@type":"EntryPoint","urlTemplate":"https:\/\/ipharmagare92.fr\/pharma\/?s={search_term_string}"},"query-input":"required name=search_term_string"}],"inLanguage":"fr-FR"},{"@type":"WebPage","@id":"https:\/\/ipharmagare92.fr\/pharma\/fin-de-location\/#webpage","url":"https:\/\/ipharmagare92.fr\/pharma\/fin-de-location\/","name":"Fin de location - Pharmacie Gare de Rueil","isPartOf":{"@id":"https:\/\/ipharmagare92.fr\/pharma\/#website"},"datePublished":"2022-08-02T15:16:16+00:00","dateModified":"2022-08-03T08:02:10+00:00","breadcrumb":{"@id":"https:\/\/ipharmagare92.fr\/pharma\/fin-de-location\/#breadcrumb"},"inLanguage":"fr-FR","potentialAction":[{"@type":"ReadAction","target":["https:\/\/ipharmagare92.fr\/pharma\/fin-de-location\/"]}]},{"@type":"BreadcrumbList","@id":"https:\/\/ipharmagare92.fr\/pharma\/fin-de-location\/#breadcrumb","itemListElement":[{"@type":"ListItem","position":1,"name":"Accueil","item":"https:\/\/ipharmagare92.fr\/pharma\/"},{"@type":"ListItem","position":2,"name":"Fin de location"}]}]}},"_links":{"self":[{"href":"https:\/\/ipharmagare92.fr\/pharma\/wp-json\/wp\/v2\/pages\/323","targetHints":{"allow":["GET"]}}],"collection":[{"href":"https:\/\/ipharmagare92.fr\/pharma\/wp-json\/wp\/v2\/pages"}],"about":[{"href":"https:\/\/ipharmagare92.fr\/pharma\/wp-json\/wp\/v2\/types\/page"}],"author":[{"embeddable":true,"href":"https:\/\/ipharmagare92.fr\/pharma\/wp-json\/wp\/v2\/users\/1"}],"replies":[{"embeddable":true,"href":"https:\/\/ipharmagare92.fr\/pharma\/wp-json\/wp\/v2\/comments?post=323"}],"version-history":[{"count":3,"href":"https:\/\/ipharmagare92.fr\/pharma\/wp-json\/wp\/v2\/pages\/323\/revisions"}],"predecessor-version":[{"id":347,"href":"https:\/\/ipharmagare92.fr\/pharma\/wp-json\/wp\/v2\/pages\/323\/revisions\/347"}],"wp:attachment":[{"href":"https:\/\/ipharmagare92.fr\/pharma\/wp-json\/wp\/v2\/media?parent=323"}],"curies":[{"name":"wp","href":"https:\/\/api.w.org\/{rel}","templated":true}]}}