{"id":365,"date":"2022-08-03T13:12:49","date_gmt":"2022-08-03T12:12:49","guid":{"rendered":"https:\/\/ipharmagare92.fr\/pharma\/?page_id=365"},"modified":"2022-08-03T13:12:52","modified_gmt":"2022-08-03T12:12:52","slug":"sigvaris","status":"publish","type":"page","link":"https:\/\/ipharmagare92.fr\/pharma\/sigvaris\/","title":{"rendered":"Sigvaris"},"content":{"rendered":"\n<p class=\"has-medium-font-size\">Les commandes doivent \u00eatre pass\u00e9es <strong><mark style=\"background-color:rgba(0, 0, 0, 0)\" class=\"has-inline-color has-vivid-red-color\">EXCLUSIVEMENT<\/mark><\/strong> via OCP en PharmaML.<\/p>\n\n\n\n<p><\/p>\n\n\n\n<p class=\"has-vivid-cyan-blue-color has-text-color\">Le calcul des prix se fait de la fa\u00e7on suivante : Prix Catalogue HT x 1, 43<\/p>\n\n\n\n<p class=\"has-vivid-cyan-blue-color has-text-color\"><\/p>\n\n\n\n<p>Ex : Mi-bas avec prix catalogue \u00e0 20\u20ac se vendra \u00e0 20x 1,43 = 28,60 \u20ac TTC<\/p>\n","protected":false},"excerpt":{"rendered":"<p>Les commandes doivent \u00eatre pass\u00e9es EXCLUSIVEMENT via OCP en PharmaML. Le calcul des prix se fait de la fa\u00e7on suivante : Prix Catalogue HT x 1, 43 Ex : Mi-bas avec prix catalogue \u00e0 20\u20ac se vendra \u00e0 20x 1,43&hellip; <\/p>\n","protected":false},"author":1,"featured_media":0,"parent":0,"menu_order":0,"comment_status":"closed","ping_status":"closed","template":"","meta":{"footnotes":""},"class_list":["post-365","page","type-page","status-publish","hentry"],"yoast_head":"<!-- This site is optimized with the Yoast SEO plugin v18.8 - https:\/\/yoast.com\/wordpress\/plugins\/seo\/ -->\n<title>Sigvaris - Pharmacie Gare de Rueil<\/title>\n<meta name=\"robots\" content=\"index, follow, max-snippet:-1, max-image-preview:large, max-video-preview:-1\" \/>\n<link rel=\"canonical\" href=\"https:\/\/ipharmagare92.fr\/pharma\/sigvaris\/\" \/>\n<meta property=\"og:locale\" content=\"fr_FR\" \/>\n<meta property=\"og:type\" content=\"article\" \/>\n<meta property=\"og:title\" content=\"Sigvaris - Pharmacie Gare de Rueil\" \/>\n<meta property=\"og:description\" content=\"Les commandes doivent \u00eatre pass\u00e9es EXCLUSIVEMENT via OCP en PharmaML. Le calcul des prix se fait de la fa\u00e7on suivante : Prix Catalogue HT x 1, 43 Ex : Mi-bas avec prix catalogue \u00e0 20\u20ac se vendra \u00e0 20x 1,43&hellip;\" \/>\n<meta property=\"og:url\" content=\"https:\/\/ipharmagare92.fr\/pharma\/sigvaris\/\" \/>\n<meta property=\"og:site_name\" content=\"Pharmacie Gare de Rueil\" \/>\n<meta property=\"article:modified_time\" content=\"2022-08-03T12:12:52+00:00\" \/>\n<meta name=\"twitter:label1\" content=\"Dur\u00e9e de lecture estim\u00e9e\" \/>\n\t<meta name=\"twitter:data1\" content=\"1 minute\" \/>\n<script type=\"application\/ld+json\" class=\"yoast-schema-graph\">{\"@context\":\"https:\/\/schema.org\",\"@graph\":[{\"@type\":\"WebSite\",\"@id\":\"https:\/\/ipharmagare92.fr\/pharma\/#website\",\"url\":\"https:\/\/ipharmagare92.fr\/pharma\/\",\"name\":\"Pharmacie Gare de Rueil\",\"description\":\"L&#039;intranet de ma pharmacie\",\"potentialAction\":[{\"@type\":\"SearchAction\",\"target\":{\"@type\":\"EntryPoint\",\"urlTemplate\":\"https:\/\/ipharmagare92.fr\/pharma\/?s={search_term_string}\"},\"query-input\":\"required name=search_term_string\"}],\"inLanguage\":\"fr-FR\"},{\"@type\":\"WebPage\",\"@id\":\"https:\/\/ipharmagare92.fr\/pharma\/sigvaris\/#webpage\",\"url\":\"https:\/\/ipharmagare92.fr\/pharma\/sigvaris\/\",\"name\":\"Sigvaris - Pharmacie Gare de Rueil\",\"isPartOf\":{\"@id\":\"https:\/\/ipharmagare92.fr\/pharma\/#website\"},\"datePublished\":\"2022-08-03T12:12:49+00:00\",\"dateModified\":\"2022-08-03T12:12:52+00:00\",\"breadcrumb\":{\"@id\":\"https:\/\/ipharmagare92.fr\/pharma\/sigvaris\/#breadcrumb\"},\"inLanguage\":\"fr-FR\",\"potentialAction\":[{\"@type\":\"ReadAction\",\"target\":[\"https:\/\/ipharmagare92.fr\/pharma\/sigvaris\/\"]}]},{\"@type\":\"BreadcrumbList\",\"@id\":\"https:\/\/ipharmagare92.fr\/pharma\/sigvaris\/#breadcrumb\",\"itemListElement\":[{\"@type\":\"ListItem\",\"position\":1,\"name\":\"Accueil\",\"item\":\"https:\/\/ipharmagare92.fr\/pharma\/\"},{\"@type\":\"ListItem\",\"position\":2,\"name\":\"Sigvaris\"}]}]}<\/script>\n<!-- \/ Yoast SEO plugin. -->","yoast_head_json":{"title":"Sigvaris - Pharmacie Gare de Rueil","robots":{"index":"index","follow":"follow","max-snippet":"max-snippet:-1","max-image-preview":"max-image-preview:large","max-video-preview":"max-video-preview:-1"},"canonical":"https:\/\/ipharmagare92.fr\/pharma\/sigvaris\/","og_locale":"fr_FR","og_type":"article","og_title":"Sigvaris - Pharmacie Gare de Rueil","og_description":"Les commandes doivent \u00eatre pass\u00e9es EXCLUSIVEMENT via OCP en PharmaML. Le calcul des prix se fait de la fa\u00e7on suivante : Prix Catalogue HT x 1, 43 Ex : Mi-bas avec prix catalogue \u00e0 20\u20ac se vendra \u00e0 20x 1,43&hellip;","og_url":"https:\/\/ipharmagare92.fr\/pharma\/sigvaris\/","og_site_name":"Pharmacie Gare de Rueil","article_modified_time":"2022-08-03T12:12:52+00:00","twitter_misc":{"Dur\u00e9e de lecture estim\u00e9e":"1 minute"},"schema":{"@context":"https:\/\/schema.org","@graph":[{"@type":"WebSite","@id":"https:\/\/ipharmagare92.fr\/pharma\/#website","url":"https:\/\/ipharmagare92.fr\/pharma\/","name":"Pharmacie Gare de Rueil","description":"L&#039;intranet de ma pharmacie","potentialAction":[{"@type":"SearchAction","target":{"@type":"EntryPoint","urlTemplate":"https:\/\/ipharmagare92.fr\/pharma\/?s={search_term_string}"},"query-input":"required name=search_term_string"}],"inLanguage":"fr-FR"},{"@type":"WebPage","@id":"https:\/\/ipharmagare92.fr\/pharma\/sigvaris\/#webpage","url":"https:\/\/ipharmagare92.fr\/pharma\/sigvaris\/","name":"Sigvaris - Pharmacie Gare de Rueil","isPartOf":{"@id":"https:\/\/ipharmagare92.fr\/pharma\/#website"},"datePublished":"2022-08-03T12:12:49+00:00","dateModified":"2022-08-03T12:12:52+00:00","breadcrumb":{"@id":"https:\/\/ipharmagare92.fr\/pharma\/sigvaris\/#breadcrumb"},"inLanguage":"fr-FR","potentialAction":[{"@type":"ReadAction","target":["https:\/\/ipharmagare92.fr\/pharma\/sigvaris\/"]}]},{"@type":"BreadcrumbList","@id":"https:\/\/ipharmagare92.fr\/pharma\/sigvaris\/#breadcrumb","itemListElement":[{"@type":"ListItem","position":1,"name":"Accueil","item":"https:\/\/ipharmagare92.fr\/pharma\/"},{"@type":"ListItem","position":2,"name":"Sigvaris"}]}]}},"_links":{"self":[{"href":"https:\/\/ipharmagare92.fr\/pharma\/wp-json\/wp\/v2\/pages\/365","targetHints":{"allow":["GET"]}}],"collection":[{"href":"https:\/\/ipharmagare92.fr\/pharma\/wp-json\/wp\/v2\/pages"}],"about":[{"href":"https:\/\/ipharmagare92.fr\/pharma\/wp-json\/wp\/v2\/types\/page"}],"author":[{"embeddable":true,"href":"https:\/\/ipharmagare92.fr\/pharma\/wp-json\/wp\/v2\/users\/1"}],"replies":[{"embeddable":true,"href":"https:\/\/ipharmagare92.fr\/pharma\/wp-json\/wp\/v2\/comments?post=365"}],"version-history":[{"count":1,"href":"https:\/\/ipharmagare92.fr\/pharma\/wp-json\/wp\/v2\/pages\/365\/revisions"}],"predecessor-version":[{"id":367,"href":"https:\/\/ipharmagare92.fr\/pharma\/wp-json\/wp\/v2\/pages\/365\/revisions\/367"}],"wp:attachment":[{"href":"https:\/\/ipharmagare92.fr\/pharma\/wp-json\/wp\/v2\/media?parent=365"}],"curies":[{"name":"wp","href":"https:\/\/api.w.org\/{rel}","templated":true}]}}