{"id":542,"date":"2023-01-06T14:04:28","date_gmt":"2023-01-06T13:04:28","guid":{"rendered":"https:\/\/ipharmagare92.fr\/pharma\/?page_id=542"},"modified":"2023-01-06T14:19:59","modified_gmt":"2023-01-06T13:19:59","slug":"facturation-des-preservatifs-de-26-ans","status":"publish","type":"page","link":"https:\/\/ipharmagare92.fr\/pharma\/facturation-des-preservatifs-de-26-ans\/","title":{"rendered":"Facturation des pr\u00e9servatifs &#8211; de 26 ans"},"content":{"rendered":"\n<p class=\"has-medium-font-size\"><strong>Ces pr\u00e9servatifs peuvent \u00eatre d\u00e9livr\u00e9s \u00e0 100% sans prescription  m\u00e9dicale (max 1 boite\/dispensation)<\/strong><br><\/p>\n\n\n\n<p class=\"has-large-font-size\"><strong><mark style=\"background-color:rgba(0, 0, 0, 0)\" class=\"has-inline-color has-vivid-red-color\"><em>Quels pr\u00e9servatifs ?<\/em><\/mark><\/strong><\/p>\n\n\n\n<div class=\"wp-block-columns is-layout-flex wp-container-core-columns-is-layout-9d6595d7 wp-block-columns-is-layout-flex\">\n<div class=\"wp-block-column is-layout-flow wp-block-column-is-layout-flow\" style=\"flex-basis:100%\">\n<div class=\"wp-block-buttons is-layout-flex wp-block-buttons-is-layout-flex\">\n<div class=\"wp-block-button is-style-outline is-style-outline--1\"><a class=\"wp-block-button__link has-luminous-vivid-amber-background-color has-background wp-element-button\" style=\"border-radius:0px\"><strong>EDEN fin extralubrifi\u00e9, avec r\u00e9servoir<\/strong><br>x6 : 3664789000053 PV = 1.30\u20ac<br>x12 : 3664789000087 PV = 2.60\u20ac<br>x24 : 3664789000100 PV = 5.20\u20ac<\/a><\/div>\n<\/div>\n<\/div>\n<\/div>\n\n\n\n<div class=\"wp-block-buttons is-layout-flex wp-block-buttons-is-layout-flex\">\n<div class=\"wp-block-button is-style-outline is-style-outline--2\"><a class=\"wp-block-button__link has-luminous-vivid-amber-background-color has-background wp-element-button\" style=\"border-radius:0px\"><strong>EDEN XL fin extralubrifi\u00e9, avec r\u00e9servoir<\/strong><br>x6 : 3664789000056 PV = 1.30\u20ac<br>x12 : 3664789000094 PV = 2.60\u20ac<br><\/a><\/div>\n<\/div>\n\n\n\n<p><\/p>\n\n\n\n<div class=\"wp-block-buttons is-layout-flex wp-block-buttons-is-layout-flex\">\n<div class=\"wp-block-button is-style-outline is-style-outline--3\"><a class=\"wp-block-button__link has-luminous-vivid-amber-background-color has-background wp-element-button\" style=\"border-radius:0px\"><strong>Sortez couverts fin extralubrifi\u00e9, avec r\u00e9servoir<\/strong><br>x12 : 3401081689578 PV = 2.00\u20ac<\/a><\/div>\n<\/div>\n\n\n\n<p><\/p>\n\n\n\n<p class=\"has-large-font-size\"><mark style=\"background-color:rgba(0, 0, 0, 0)\" class=\"has-inline-color has-vivid-red-color\"><strong>Pour qui ?<\/strong><\/mark><\/p>\n\n\n\n<p>-tous assur\u00e9s sociaux (CV, attestation de droits ou Carte d'identit\u00e9 (pour v\u00e9rifier \u00e2ge)<\/p>\n\n\n\n<p>-b\u00e9n\u00e9ficiaires AME (avec carte AME valide)<\/p>\n\n\n\n<p>-ressortissants UE (pr\u00e9sentation de la carte europ\u00e9enne)<\/p>\n\n\n\n<p class=\"has-large-font-size\"><strong><mark style=\"background-color:rgba(0, 0, 0, 0)\" class=\"has-inline-color has-vivid-red-color\">Proc\u00e9dure de facturation : <\/mark><\/strong><\/p>\n\n\n\n<p>1- <mark style=\"background-color:rgba(0, 0, 0, 0)\" class=\"has-inline-color has-vivid-purple-color\"><strong>MINEURS ANONYMES<\/strong><\/mark><br><\/p>\n\n\n\n<div class=\"wp-block-buttons is-layout-flex wp-block-buttons-is-layout-flex\">\n<div class=\"wp-block-button is-style-outline is-style-outline--4\"><a class=\"wp-block-button__link has-light-green-cyan-background-color has-background wp-element-button\" style=\"border-radius:26px\">Femme : 2 55 55 55 921 042 65 (contraceptifs pour mineures)<br>Homme : 1 55 55 55 921 042 (contraceptif pour mineurs hommes)<br><br><strong><mark style=\"background-color:rgba(0, 0, 0, 0)\" class=\"has-inline-color has-luminous-vivid-orange-color\">SAISIR LA VRAIE DATE DE NAISSANCE<\/mark><\/strong><br>facturation en mode SESAM sans VITALE<br><br>Prescripteur = 921999991<br>Facturation en St\u00e9rilit\u00e9 EXO3<\/a><\/div>\n<\/div>\n\n\n\n<p><\/p>\n\n\n\n<p>2- <mark style=\"background-color:rgba(0, 0, 0, 0)\" class=\"has-inline-color has-vivid-purple-color\"><strong>MAJEURS OU MINEURS NON ANONYMES<\/strong><\/mark><\/p>\n\n\n\n<div class=\"wp-block-buttons is-layout-flex wp-block-buttons-is-layout-flex\">\n<div class=\"wp-block-button is-style-outline is-style-outline--5\"><a class=\"wp-block-button__link has-light-green-cyan-background-color has-background wp-element-button\" style=\"border-radius:26px\">Facturation avec CV ou attestation de droits<br><br>facturation en mode SESAM ou DEGRADE<br><br>Prescripteur = 921999991 ou m\u00e9decin r\u00e9el si ordonnance<br>Facturation en St\u00e9rilit\u00e9 EXO3<\/a><\/div>\n<\/div>\n\n\n\n<p><\/p>\n\n\n\n<figure class=\"wp-block-gallery has-nested-images columns-default is-cropped wp-block-gallery-6 is-layout-flex wp-block-gallery-is-layout-flex\">\n<figure class=\"wp-block-image size-large\"><img loading=\"lazy\" decoding=\"async\" width=\"641\" height=\"720\" data-id=\"543\" src=\"https:\/\/ipharmagare92.fr\/pharma\/wp-content\/uploads\/2023\/01\/Capture.jpg\" alt=\"\" class=\"wp-image-543\" srcset=\"https:\/\/ipharmagare92.fr\/pharma\/wp-content\/uploads\/2023\/01\/Capture.jpg 641w, https:\/\/ipharmagare92.fr\/pharma\/wp-content\/uploads\/2023\/01\/Capture-267x300.jpg 267w\" sizes=\"auto, (max-width: 641px) 100vw, 641px\" \/><\/figure>\n<\/figure>\n","protected":false},"excerpt":{"rendered":"<p>Ces pr\u00e9servatifs peuvent \u00eatre d\u00e9livr\u00e9s \u00e0 100% sans prescription m\u00e9dicale (max 1 boite\/dispensation) Quels pr\u00e9servatifs ? Pour qui ? -tous assur\u00e9s sociaux (CV, attestation de droits ou Carte d&rsquo;identit\u00e9 (pour v\u00e9rifier \u00e2ge) -b\u00e9n\u00e9ficiaires AME (avec carte AME valide) -ressortissants UE&hellip; <\/p>\n","protected":false},"author":1,"featured_media":0,"parent":0,"menu_order":0,"comment_status":"closed","ping_status":"closed","template":"","meta":{"footnotes":""},"class_list":["post-542","page","type-page","status-publish","hentry"],"yoast_head":"<!-- This site is optimized with the Yoast SEO plugin v18.8 - https:\/\/yoast.com\/wordpress\/plugins\/seo\/ -->\n<title>Facturation des pr\u00e9servatifs - de 26 ans - Pharmacie Gare de Rueil<\/title>\n<meta name=\"robots\" content=\"index, follow, max-snippet:-1, max-image-preview:large, max-video-preview:-1\" \/>\n<link rel=\"canonical\" href=\"https:\/\/ipharmagare92.fr\/pharma\/facturation-des-preservatifs-de-26-ans\/\" \/>\n<meta property=\"og:locale\" content=\"fr_FR\" \/>\n<meta property=\"og:type\" content=\"article\" \/>\n<meta property=\"og:title\" content=\"Facturation des pr\u00e9servatifs - de 26 ans - Pharmacie Gare de Rueil\" \/>\n<meta property=\"og:description\" content=\"Ces pr\u00e9servatifs peuvent \u00eatre d\u00e9livr\u00e9s \u00e0 100% sans prescription m\u00e9dicale (max 1 boite\/dispensation) Quels pr\u00e9servatifs ? Pour qui ? -tous assur\u00e9s sociaux (CV, attestation de droits ou Carte d&#039;identit\u00e9 (pour v\u00e9rifier \u00e2ge) -b\u00e9n\u00e9ficiaires AME (avec carte AME valide) -ressortissants UE&hellip;\" \/>\n<meta property=\"og:url\" content=\"https:\/\/ipharmagare92.fr\/pharma\/facturation-des-preservatifs-de-26-ans\/\" \/>\n<meta property=\"og:site_name\" content=\"Pharmacie Gare de Rueil\" \/>\n<meta property=\"article:modified_time\" content=\"2023-01-06T13:19:59+00:00\" \/>\n<meta property=\"og:image\" content=\"https:\/\/ipharmagare92.fr\/pharma\/wp-content\/uploads\/2023\/01\/Capture.jpg\" \/>\n<meta name=\"twitter:label1\" content=\"Dur\u00e9e de lecture estim\u00e9e\" \/>\n\t<meta name=\"twitter:data1\" content=\"2 minutes\" \/>\n<script type=\"application\/ld+json\" class=\"yoast-schema-graph\">{\"@context\":\"https:\/\/schema.org\",\"@graph\":[{\"@type\":\"WebSite\",\"@id\":\"https:\/\/ipharmagare92.fr\/pharma\/#website\",\"url\":\"https:\/\/ipharmagare92.fr\/pharma\/\",\"name\":\"Pharmacie Gare de Rueil\",\"description\":\"L&#039;intranet de ma pharmacie\",\"potentialAction\":[{\"@type\":\"SearchAction\",\"target\":{\"@type\":\"EntryPoint\",\"urlTemplate\":\"https:\/\/ipharmagare92.fr\/pharma\/?s={search_term_string}\"},\"query-input\":\"required name=search_term_string\"}],\"inLanguage\":\"fr-FR\"},{\"@type\":\"ImageObject\",\"inLanguage\":\"fr-FR\",\"@id\":\"https:\/\/ipharmagare92.fr\/pharma\/facturation-des-preservatifs-de-26-ans\/#primaryimage\",\"url\":\"https:\/\/ipharmagare92.fr\/pharma\/wp-content\/uploads\/2023\/01\/Capture.jpg\",\"contentUrl\":\"https:\/\/ipharmagare92.fr\/pharma\/wp-content\/uploads\/2023\/01\/Capture.jpg\",\"width\":641,\"height\":720},{\"@type\":\"WebPage\",\"@id\":\"https:\/\/ipharmagare92.fr\/pharma\/facturation-des-preservatifs-de-26-ans\/#webpage\",\"url\":\"https:\/\/ipharmagare92.fr\/pharma\/facturation-des-preservatifs-de-26-ans\/\",\"name\":\"Facturation des pr\u00e9servatifs - de 26 ans - Pharmacie Gare de Rueil\",\"isPartOf\":{\"@id\":\"https:\/\/ipharmagare92.fr\/pharma\/#website\"},\"primaryImageOfPage\":{\"@id\":\"https:\/\/ipharmagare92.fr\/pharma\/facturation-des-preservatifs-de-26-ans\/#primaryimage\"},\"datePublished\":\"2023-01-06T13:04:28+00:00\",\"dateModified\":\"2023-01-06T13:19:59+00:00\",\"breadcrumb\":{\"@id\":\"https:\/\/ipharmagare92.fr\/pharma\/facturation-des-preservatifs-de-26-ans\/#breadcrumb\"},\"inLanguage\":\"fr-FR\",\"potentialAction\":[{\"@type\":\"ReadAction\",\"target\":[\"https:\/\/ipharmagare92.fr\/pharma\/facturation-des-preservatifs-de-26-ans\/\"]}]},{\"@type\":\"BreadcrumbList\",\"@id\":\"https:\/\/ipharmagare92.fr\/pharma\/facturation-des-preservatifs-de-26-ans\/#breadcrumb\",\"itemListElement\":[{\"@type\":\"ListItem\",\"position\":1,\"name\":\"Accueil\",\"item\":\"https:\/\/ipharmagare92.fr\/pharma\/\"},{\"@type\":\"ListItem\",\"position\":2,\"name\":\"Facturation des pr\u00e9servatifs &#8211; de 26 ans\"}]}]}<\/script>\n<!-- \/ Yoast SEO plugin. -->","yoast_head_json":{"title":"Facturation des pr\u00e9servatifs - de 26 ans - Pharmacie Gare de Rueil","robots":{"index":"index","follow":"follow","max-snippet":"max-snippet:-1","max-image-preview":"max-image-preview:large","max-video-preview":"max-video-preview:-1"},"canonical":"https:\/\/ipharmagare92.fr\/pharma\/facturation-des-preservatifs-de-26-ans\/","og_locale":"fr_FR","og_type":"article","og_title":"Facturation des pr\u00e9servatifs - de 26 ans - Pharmacie Gare de Rueil","og_description":"Ces pr\u00e9servatifs peuvent \u00eatre d\u00e9livr\u00e9s \u00e0 100% sans prescription m\u00e9dicale (max 1 boite\/dispensation) Quels pr\u00e9servatifs ? Pour qui ? -tous assur\u00e9s sociaux (CV, attestation de droits ou Carte d'identit\u00e9 (pour v\u00e9rifier \u00e2ge) -b\u00e9n\u00e9ficiaires AME (avec carte AME valide) -ressortissants UE&hellip;","og_url":"https:\/\/ipharmagare92.fr\/pharma\/facturation-des-preservatifs-de-26-ans\/","og_site_name":"Pharmacie Gare de Rueil","article_modified_time":"2023-01-06T13:19:59+00:00","og_image":[{"url":"https:\/\/ipharmagare92.fr\/pharma\/wp-content\/uploads\/2023\/01\/Capture.jpg"}],"twitter_misc":{"Dur\u00e9e de lecture estim\u00e9e":"2 minutes"},"schema":{"@context":"https:\/\/schema.org","@graph":[{"@type":"WebSite","@id":"https:\/\/ipharmagare92.fr\/pharma\/#website","url":"https:\/\/ipharmagare92.fr\/pharma\/","name":"Pharmacie Gare de Rueil","description":"L&#039;intranet de ma pharmacie","potentialAction":[{"@type":"SearchAction","target":{"@type":"EntryPoint","urlTemplate":"https:\/\/ipharmagare92.fr\/pharma\/?s={search_term_string}"},"query-input":"required name=search_term_string"}],"inLanguage":"fr-FR"},{"@type":"ImageObject","inLanguage":"fr-FR","@id":"https:\/\/ipharmagare92.fr\/pharma\/facturation-des-preservatifs-de-26-ans\/#primaryimage","url":"https:\/\/ipharmagare92.fr\/pharma\/wp-content\/uploads\/2023\/01\/Capture.jpg","contentUrl":"https:\/\/ipharmagare92.fr\/pharma\/wp-content\/uploads\/2023\/01\/Capture.jpg","width":641,"height":720},{"@type":"WebPage","@id":"https:\/\/ipharmagare92.fr\/pharma\/facturation-des-preservatifs-de-26-ans\/#webpage","url":"https:\/\/ipharmagare92.fr\/pharma\/facturation-des-preservatifs-de-26-ans\/","name":"Facturation des pr\u00e9servatifs - de 26 ans - Pharmacie Gare de Rueil","isPartOf":{"@id":"https:\/\/ipharmagare92.fr\/pharma\/#website"},"primaryImageOfPage":{"@id":"https:\/\/ipharmagare92.fr\/pharma\/facturation-des-preservatifs-de-26-ans\/#primaryimage"},"datePublished":"2023-01-06T13:04:28+00:00","dateModified":"2023-01-06T13:19:59+00:00","breadcrumb":{"@id":"https:\/\/ipharmagare92.fr\/pharma\/facturation-des-preservatifs-de-26-ans\/#breadcrumb"},"inLanguage":"fr-FR","potentialAction":[{"@type":"ReadAction","target":["https:\/\/ipharmagare92.fr\/pharma\/facturation-des-preservatifs-de-26-ans\/"]}]},{"@type":"BreadcrumbList","@id":"https:\/\/ipharmagare92.fr\/pharma\/facturation-des-preservatifs-de-26-ans\/#breadcrumb","itemListElement":[{"@type":"ListItem","position":1,"name":"Accueil","item":"https:\/\/ipharmagare92.fr\/pharma\/"},{"@type":"ListItem","position":2,"name":"Facturation des pr\u00e9servatifs &#8211; de 26 ans"}]}]}},"_links":{"self":[{"href":"https:\/\/ipharmagare92.fr\/pharma\/wp-json\/wp\/v2\/pages\/542","targetHints":{"allow":["GET"]}}],"collection":[{"href":"https:\/\/ipharmagare92.fr\/pharma\/wp-json\/wp\/v2\/pages"}],"about":[{"href":"https:\/\/ipharmagare92.fr\/pharma\/wp-json\/wp\/v2\/types\/page"}],"author":[{"embeddable":true,"href":"https:\/\/ipharmagare92.fr\/pharma\/wp-json\/wp\/v2\/users\/1"}],"replies":[{"embeddable":true,"href":"https:\/\/ipharmagare92.fr\/pharma\/wp-json\/wp\/v2\/comments?post=542"}],"version-history":[{"count":4,"href":"https:\/\/ipharmagare92.fr\/pharma\/wp-json\/wp\/v2\/pages\/542\/revisions"}],"predecessor-version":[{"id":548,"href":"https:\/\/ipharmagare92.fr\/pharma\/wp-json\/wp\/v2\/pages\/542\/revisions\/548"}],"wp:attachment":[{"href":"https:\/\/ipharmagare92.fr\/pharma\/wp-json\/wp\/v2\/media?parent=542"}],"curies":[{"name":"wp","href":"https:\/\/api.w.org\/{rel}","templated":true}]}}