{"id":619,"date":"2024-10-17T17:36:36","date_gmt":"2024-10-17T16:36:36","guid":{"rendered":"https:\/\/ipharmagare92.fr\/pharma\/?page_id=619"},"modified":"2024-10-17T17:40:34","modified_gmt":"2024-10-17T16:40:34","slug":"missions","status":"publish","type":"page","link":"https:\/\/ipharmagare92.fr\/pharma\/missions\/","title":{"rendered":"MISSIONS"},"content":{"rendered":"\n<p><a href=\"https:\/\/ipharmagare92.fr\/pharma\/wp-content\/uploads\/2024\/10\/Fiche-TROD-Cystite-et-delivrance-antibio-MAJ-Octobre-2024-docs-associes.pdf\">Fiche synth\u00e8se TROD Cystite et d\u00e9livrance antibiotiques<\/a><\/p>\n\n\n\n<p><a href=\"http:\/\/Fiche synth\u00e8se TROD Cystite et d\u00e9livrance antibiotiques\">Fiche synth\u00e8se TROD Angine et d\u00e9livrance antibiotiques<\/a><\/p>\n\n\n\n<p><a href=\"http:\/\/Fiche synth\u00e8se TROD Cystite et d\u00e9livrance antibiotiques\">Fiche synth\u00e8se d\u00e9pistage colorectal et questionnaire patient<\/a><\/p>\n\n\n\n<p><a href=\"https:\/\/ipharmagare92.fr\/pharma\/wp-content\/uploads\/2024\/10\/Fiche-Synthese-Prescription-et-Administration-des-Vaccins-du-Calendrier-Vaccinal-MAJ-Oct-2024-et-documents-associes.pdf\">Fiche synth\u00e8se prescription et administration des vaccins du calendrier vaccinal (maj 10\/24) <\/a><\/p>\n\n\n\n<p><a href=\"https:\/\/ipharmagare92.fr\/pharma\/wp-content\/uploads\/2024\/10\/Fiche-Synthese-Vaccination-grippe-saisonniere-2024-2025-bon-de-prise-en-charge-ameli.pdf\">Fiche synth\u00e8se vaccination Grippe Hiver 2024\/2025 + bon de prise en charge AMELI<\/a><\/p>\n\n\n\n<p><a href=\"https:\/\/ipharmagare92.fr\/pharma\/wp-content\/uploads\/2024\/10\/Fiche-Synthese-Vaccination-COVID-19-Oct-2024.pdf\">Fiche synth\u00e8se vaccination COVID 2024\/2025<\/a><\/p>\n\n\n\n<p><a href=\"https:\/\/ipharmagare92.fr\/pharma\/wp-content\/uploads\/2024\/10\/Fiche-Synthese-Vaccination-COVID-19-Oct-2024.pdf\">Fiche synth\u00e8se facturation des missions sous Winpharma<\/a><\/p>\n\n\n\n<p><\/p>\n\n\n","protected":false},"excerpt":{"rendered":"<p>Fiche synth\u00e8se TROD Cystite et d\u00e9livrance antibiotiques Fiche synth\u00e8se TROD Angine et d\u00e9livrance antibiotiques Fiche synth\u00e8se d\u00e9pistage colorectal et questionnaire patient Fiche synth\u00e8se prescription et administration des vaccins du calendrier vaccinal (maj 10\/24) Fiche synth\u00e8se vaccination Grippe Hiver 2024\/2025 +&hellip; <\/p>\n","protected":false},"author":1,"featured_media":0,"parent":0,"menu_order":0,"comment_status":"closed","ping_status":"closed","template":"","meta":{"footnotes":""},"class_list":["post-619","page","type-page","status-publish","hentry"],"yoast_head":"<!-- This site is optimized with the Yoast SEO plugin v18.8 - https:\/\/yoast.com\/wordpress\/plugins\/seo\/ -->\n<title>MISSIONS - Pharmacie Gare de Rueil<\/title>\n<meta name=\"robots\" content=\"index, follow, max-snippet:-1, max-image-preview:large, max-video-preview:-1\" \/>\n<link rel=\"canonical\" href=\"https:\/\/ipharmagare92.fr\/pharma\/missions\/\" \/>\n<meta property=\"og:locale\" content=\"fr_FR\" \/>\n<meta property=\"og:type\" content=\"article\" \/>\n<meta property=\"og:title\" content=\"MISSIONS - Pharmacie Gare de Rueil\" \/>\n<meta property=\"og:description\" content=\"Fiche synth\u00e8se TROD Cystite et d\u00e9livrance antibiotiques Fiche synth\u00e8se TROD Angine et d\u00e9livrance antibiotiques Fiche synth\u00e8se d\u00e9pistage colorectal et questionnaire patient Fiche synth\u00e8se prescription et administration des vaccins du calendrier vaccinal (maj 10\/24) Fiche synth\u00e8se vaccination Grippe Hiver 2024\/2025 +&hellip;\" \/>\n<meta property=\"og:url\" content=\"https:\/\/ipharmagare92.fr\/pharma\/missions\/\" \/>\n<meta property=\"og:site_name\" content=\"Pharmacie Gare de Rueil\" \/>\n<meta property=\"article:modified_time\" content=\"2024-10-17T16:40:34+00:00\" \/>\n<script type=\"application\/ld+json\" class=\"yoast-schema-graph\">{\"@context\":\"https:\/\/schema.org\",\"@graph\":[{\"@type\":\"WebSite\",\"@id\":\"https:\/\/ipharmagare92.fr\/pharma\/#website\",\"url\":\"https:\/\/ipharmagare92.fr\/pharma\/\",\"name\":\"Pharmacie Gare de Rueil\",\"description\":\"L&#039;intranet de ma pharmacie\",\"potentialAction\":[{\"@type\":\"SearchAction\",\"target\":{\"@type\":\"EntryPoint\",\"urlTemplate\":\"https:\/\/ipharmagare92.fr\/pharma\/?s={search_term_string}\"},\"query-input\":\"required name=search_term_string\"}],\"inLanguage\":\"fr-FR\"},{\"@type\":\"WebPage\",\"@id\":\"https:\/\/ipharmagare92.fr\/pharma\/missions\/#webpage\",\"url\":\"https:\/\/ipharmagare92.fr\/pharma\/missions\/\",\"name\":\"MISSIONS - Pharmacie Gare de Rueil\",\"isPartOf\":{\"@id\":\"https:\/\/ipharmagare92.fr\/pharma\/#website\"},\"datePublished\":\"2024-10-17T16:36:36+00:00\",\"dateModified\":\"2024-10-17T16:40:34+00:00\",\"breadcrumb\":{\"@id\":\"https:\/\/ipharmagare92.fr\/pharma\/missions\/#breadcrumb\"},\"inLanguage\":\"fr-FR\",\"potentialAction\":[{\"@type\":\"ReadAction\",\"target\":[\"https:\/\/ipharmagare92.fr\/pharma\/missions\/\"]}]},{\"@type\":\"BreadcrumbList\",\"@id\":\"https:\/\/ipharmagare92.fr\/pharma\/missions\/#breadcrumb\",\"itemListElement\":[{\"@type\":\"ListItem\",\"position\":1,\"name\":\"Accueil\",\"item\":\"https:\/\/ipharmagare92.fr\/pharma\/\"},{\"@type\":\"ListItem\",\"position\":2,\"name\":\"MISSIONS\"}]}]}<\/script>\n<!-- \/ Yoast SEO plugin. -->","yoast_head_json":{"title":"MISSIONS - Pharmacie Gare de Rueil","robots":{"index":"index","follow":"follow","max-snippet":"max-snippet:-1","max-image-preview":"max-image-preview:large","max-video-preview":"max-video-preview:-1"},"canonical":"https:\/\/ipharmagare92.fr\/pharma\/missions\/","og_locale":"fr_FR","og_type":"article","og_title":"MISSIONS - Pharmacie Gare de Rueil","og_description":"Fiche synth\u00e8se TROD Cystite et d\u00e9livrance antibiotiques Fiche synth\u00e8se TROD Angine et d\u00e9livrance antibiotiques Fiche synth\u00e8se d\u00e9pistage colorectal et questionnaire patient Fiche synth\u00e8se prescription et administration des vaccins du calendrier vaccinal (maj 10\/24) Fiche synth\u00e8se vaccination Grippe Hiver 2024\/2025 +&hellip;","og_url":"https:\/\/ipharmagare92.fr\/pharma\/missions\/","og_site_name":"Pharmacie Gare de Rueil","article_modified_time":"2024-10-17T16:40:34+00:00","schema":{"@context":"https:\/\/schema.org","@graph":[{"@type":"WebSite","@id":"https:\/\/ipharmagare92.fr\/pharma\/#website","url":"https:\/\/ipharmagare92.fr\/pharma\/","name":"Pharmacie Gare de Rueil","description":"L&#039;intranet de ma pharmacie","potentialAction":[{"@type":"SearchAction","target":{"@type":"EntryPoint","urlTemplate":"https:\/\/ipharmagare92.fr\/pharma\/?s={search_term_string}"},"query-input":"required name=search_term_string"}],"inLanguage":"fr-FR"},{"@type":"WebPage","@id":"https:\/\/ipharmagare92.fr\/pharma\/missions\/#webpage","url":"https:\/\/ipharmagare92.fr\/pharma\/missions\/","name":"MISSIONS - Pharmacie Gare de Rueil","isPartOf":{"@id":"https:\/\/ipharmagare92.fr\/pharma\/#website"},"datePublished":"2024-10-17T16:36:36+00:00","dateModified":"2024-10-17T16:40:34+00:00","breadcrumb":{"@id":"https:\/\/ipharmagare92.fr\/pharma\/missions\/#breadcrumb"},"inLanguage":"fr-FR","potentialAction":[{"@type":"ReadAction","target":["https:\/\/ipharmagare92.fr\/pharma\/missions\/"]}]},{"@type":"BreadcrumbList","@id":"https:\/\/ipharmagare92.fr\/pharma\/missions\/#breadcrumb","itemListElement":[{"@type":"ListItem","position":1,"name":"Accueil","item":"https:\/\/ipharmagare92.fr\/pharma\/"},{"@type":"ListItem","position":2,"name":"MISSIONS"}]}]}},"_links":{"self":[{"href":"https:\/\/ipharmagare92.fr\/pharma\/wp-json\/wp\/v2\/pages\/619","targetHints":{"allow":["GET"]}}],"collection":[{"href":"https:\/\/ipharmagare92.fr\/pharma\/wp-json\/wp\/v2\/pages"}],"about":[{"href":"https:\/\/ipharmagare92.fr\/pharma\/wp-json\/wp\/v2\/types\/page"}],"author":[{"embeddable":true,"href":"https:\/\/ipharmagare92.fr\/pharma\/wp-json\/wp\/v2\/users\/1"}],"replies":[{"embeddable":true,"href":"https:\/\/ipharmagare92.fr\/pharma\/wp-json\/wp\/v2\/comments?post=619"}],"version-history":[{"count":2,"href":"https:\/\/ipharmagare92.fr\/pharma\/wp-json\/wp\/v2\/pages\/619\/revisions"}],"predecessor-version":[{"id":630,"href":"https:\/\/ipharmagare92.fr\/pharma\/wp-json\/wp\/v2\/pages\/619\/revisions\/630"}],"wp:attachment":[{"href":"https:\/\/ipharmagare92.fr\/pharma\/wp-json\/wp\/v2\/media?parent=619"}],"curies":[{"name":"wp","href":"https:\/\/api.w.org\/{rel}","templated":true}]}}